?
7
What is 6 + 8 - ((7 - 2) + 2)?
7
-5 + (4 - (6 - 4)) + 7
4
What is -142 - -137 - (-7 + -3 + 2)?
3
Evaluate 3 + -12 + 5 + -7 + 2.
-9
Evaluate -15 + 7 + (-3 - -5).
-6
2 + 5 - (0 + 1 - -11)
-5
Calculate 11 - (25 - 12) - (1 + -1).
-2
What is the value of 2 + 0 + -5 + (11 - 4)?
4
1 - 4 - (6 - 10)
1
Calculate (0 - -5) + (2 - 2) + -5.
0
What is the value of 5 - 0 - (-16 - -25)?
-4
Calculate 76 + -84 - (-13 + 1).
4
Calculate 8 + -1 + -31 + 29 + -10.
-5
What is -15 + 22 + (-3 - (3 - 2))?
3
What is (5 - 2) + (-1 - (5 - 3))?
0
What is -5 - (-9 - (2 + -6))?
0
Calculate 0 - -4 - 6 - 2.
-4
Calculate 0 + -2 + (-12 - (13 - 19)).
-8
What is 2 + -3 + (0 + -8 - -3)?
-6
(-1 - (4 - 7)) + -1
1
Evaluate 2 + (0 - -1 - (-1 - -5)).
-1
(10 - 11) + 14 + -13
0
Evaluate (10 - -1) + -1 + -6.
4
Calculate 6 + -9 + (2 - -2).
1
Evaluate -9 + 3 - (-32 + 25).
1
What is 2 + (1 - 5) + (2 - 2)?
-2
3 + (2 + -1 - 3)
1
What is the value of 2 - 5 - -4 - (-4 + 3)?
2
What is -9 - (4 - 8) - -8?
3
What is the value of 21 - 20 - (-2 + -1) - 1?
3
Evaluate 5 + (-2 - -7) + -14.
-4
Calculate 11 + -3 + -3 + -14.
-9
(5 - (2 + 4)) + -3 + 3
-1
Calculate (0 - -3) + (-18 - -9).
-6
What is 2 - (7 - (-6 + 12))?
1
What is 4 - (12 + -3) - (0 - 3)?
-2
Evaluate -2 + 0 - -3 - (7 - 7).
1
What is 4 + -8 + -4 + 0?
-8
What is 16 + -16 - (1 + -5)?
4
Calculate (-2 - 4) + (15 + -4 - -3).
8
-13 - (-6 + 4) - (-3 + -3)
-5
(5 - (-1 + 2 + -3)) + 1
8
-4 + (0 - (-4 + 7)) + 3
-4
What is -4 - (3 - 7) - (0 - 6)?
6
What is the value of -3 + (2 - (1 + -4)) - 1?
1
What is the value of -1 + 0 + -5 - (-6 + 4)?
-4
Evaluate -4 + (-8 - -2) - (1 + -5).
-6
Calculate -10 - -2 - -12 - (0 - -1).
3
What is the value of -2 + 4 + 4 + -9 + 0?
-3
What is the value of -6 - -6 - (2 + -1)?
-1
-3 + -1 + -2 + 1
-5
What is 1 - (0 + -1) - (-10 - -13)?
-1
Evaluate -2 + -11 + (9 - 4).
-8
Evaluate 3 + (-1 - 3 - 0).
-1
What is the value of -4 + -1 - (-12 - -10)?
-3
Evaluate -1 - (-11 + (-4 - -10)) - -2.
6
What is the value of (5 + -2 + -2 - 3) + -6?
-8
Calculate (11 - 11) + (12 - 4).
8
4 + -1 + 0 + -6 + 5
2
Evaluate (10 - 11 - 3) + (-1 - -2).
-3
What is the value of 0 - (24 + 5 + -13 - 7)?
-9
Calculate 3 + (-4 - (7 - 4)) - -3.
-1
Calculate 1 + -8 + (2 - (-9 - 4)).
8
Evaluate 12 + (15 + -8 - (-2 + 10)).
11
What is (-6 + 4 - 6) + (12 - 6)?
-2
What is -2 - -3 - (-8 + 9)?
0
What is (-6 - -3 - -5 - 7) + 6?
1
Calculate (-2 - (8 + -3)) + 0.
-7
What is -2 + 2 + 1 + 6 + -3?
4
What is the value of -3 + -2 + (-1 - -16) + -4?
6
Calculate -1 - (-5 - (-5 + 1)).
0
12 - 2 - (0 + 3) - 4
3
What is (-1 - -3) + (-3 - 0)?
-1
What is 6 + -4 + 2 + -5?
-1
Calculate 40 + -34 - (-3 - -8).
1
What is -29 + 29 - (5 - -2)?
-7
What is the value of (5 - 1) + -9 + 2?
-3
Calculate 3 + (-1 - 2) + (-12 - -9).
-3
-7 + (4 - -2) + -7
-8
Calculate -7 + (1 - 0) - (115 - 115).
-6
-5 + (4 - (-5 - -4)) + 0
0
What is (-10 - -15) + -2 + 1?
4
What is (8 - 19 - -4) + 0 + 0?
-7
What is 0 - (1 - 0 - (-16 + 17))?
0
What is the value of -7 + 4 - (-1 - 3)?
1
Calculate (-15 - -5) + 5 + 11 + -4.
2
What is the value of -6 - (-10 - -6 - 5)?
3
Calculate 5 + -1 + -4 - (2 - 2).
0
Calculate 0 + (-3 - (-2 - -3)).
-4
(-2 - 2 - (-11 + 4)) + -1
2
10 + 4 + (-1 - (2 + 3))
8
Evaluate -1 - (-4 + -1 + 0).
4
What is -1 - (2 + -1 - (1 + 6))?
5
What is 2 - 2 - (2 + -13 + 7)?
4
Calculate (57 - 59) + -6 + (0 - 0).
-8
1 + -7 - (-1 - 1)
-4
What is the value of 5 - (6 + (1 - (0 + 3)))?
1
Calculate 0 - (-5 - (-7 + 5 - 1)).
2
What is the value of 3 + (1 - 3) - (0 + -4)?
5
(-8 - (5 + -2 + -3)) + 3
-5
Calculate -2 - (-4 - -10 - 9).
1
Calculate -5 + 5 + 12 - 3.
9
What is 1 - ((-11 - (-4 + -1)) + 4)?
3
Calculate -5 + -2 + 3 + 0 + -3.
-7
What is -7 + -3 + 15 + 1?
6
Evaluate (-1 + 3 - 2) + (3 - 8).
-5
What is the value of -3 + 1 + 4 + -2?
0
-4 - -8 - (-4 + -2 - -5)
5
Evaluate 0 + -5 + 0 - (-48 + 45).
-2
What is 57 + -65 + 1 + 14 - 4?
3
What is -17 - (11 - (23 - 0))?
-5
What is the value of 1 - -2 - (9 + -2) - -8?
4
What is the value of -5 - -1 - ((11 - 6) + -11)?
2
Calculate -6 - ((-3 - 2) + 0).
-1
4 + -4 + 2 + (5 - -3)
10
Evaluate -12 + (11 - (-5 - -8)).
-4
Calculate -4 - (3 + 6 + 4 + -13).
-4
What is the value of -5 + (-6 - (-1 + -5))?
-5
-4 + 0 + -1 - -3 - -7
5
What is (-17 - (-14 + 4)) + 2?
-5
What is the value of -3 + 2 + (-1 - -2)?
0
5 - 0 - (47 + -37)
-5
-2 + 1 - (-6 + 10)
-5
What is -118 + 111 - (-6 + 1)?
-2
Calculate 2 + 9 + -4 + -6.
1
Calculate -6 + (6 - 9 - -5).
-4
Evaluate (2 - (-8 + 3)) + -4.
3
Calculate 43 + -38 + (-5 - 0) - -2.
2
What is -4 + (3 - 5) + 12?
6
What is 2 + 1 + (-1 - (0 + 2))?
0
What is the value of 3 - (-5 - -14) - -3 - -9?
6
What is the value of (3 - 0) + (3 - 7) + 4?
3
Calculate 1 + (1 - 0 - (-103 - -98)).
7
What is -11 + 14 + -5 + -1?
-3
Evaluate 0 + 0 - (-6 - -9).
-3
What is (-3 + 3 - 4) + 5?
1
What is 1 - (-9 - -7 - -3) - -5?
5
4 - 5 - (-2 + 5)
-4
Evaluate 5 - 1 - (2 - 7 - -7).
2
Evaluate -8 - -1 - (-3 + 0).
-4
What is (-3 + -1 - -2) + -2 + 1?
-3
What is the value of (-5 - -10 - 4) + 4?
5
What is 6 + -1 - (-4 - -10)?
-1
What is (-1 + -7 - -15) + -9?
-2
Calculate 2 + 2 + -4 - 2.
-2
What is -1 - (0 + (3 - -2) + -3)?
-3
What is the value of 0 + 5 + (11 - 7)?
9
-1 + 1 + -5 + 2 + 1
-2
What is the value of (0 - 6 - -2) + 4?
0
Evaluate -8 - -11 - (6 - 1).
-2
What is the value of -1 + -10 + (-2 - -4 - -1)?
-8
(-22 - -27) + 0 + -8
-3
Evaluate 2 + (1 - 0) + (-42 - -34).
-5
What is the value of (-1 - -2) + -3 + -3?
-5
(15 - 14) + (-8 - -11)
4
What is the value of (0 - -7) + -4 + 2?
5
Evaluate 9 + (0 - -2 - (1 + 7)).
3
What is the value of (20 - (8 + 15)) + (-7 - -1)?
-9
What is the value of (-4 - (-6 - -6)) + -1?
-5
What is the value of 11 + (-8 - -3) + -4?
2
What is (0 - -4) + (-4 - (-3 + -2))?
5
What is the value of 9 + 8 + -9 + -4?
4
Evaluate 3 - (6 - 3 - -5 - 4).
-1
What is the value of -10 + 0 - (0 - 18)?
8
What is the value of (-2 - -7) + -11 + 16 - 5?
5
(-6 - -2) + (3 - -19) + -14
4
What is -3 + (3 - (-6 - -3))?
3
Evaluate 1 + 1 + -1 + (0 - -2).
3
Evaluate 1 - (-2 - (-1 + -2 - 0)).
0
-1 - (2 + -4 + 5 + -3)
-1
Evaluate 5 - (-3 - -3) - (9 + -4).
0
Evaluate (4 - (-3 + 4 - 0)) + -8.
-5
What is the value of 0 + 0 + -5 + 5?
0
((-4 - -2) + 1 - 1) + 2
0
Calculate -4 - -6 - 8 - -3.
-3
16 + 6 + 1 + -13
10
Calculate 2 - (-2 + 9) - -2.
-3
8 + -3 + -7 + -8
-10
Evaluate -21 + 29 - (1 + 4) - 12.
-9
Calculate -7 - (5 - -7 - 11).
-8
What is the value of (-3 - -6 - (-1 + -2)) + -6?
0
What is (-7 - (0 + -3)) + 6?
2
What is 13 + -19 - (-3 - 2)?
-1
Calculate -11 - (12 - 21 - 0).
-2
What is the value of 8 + -1 + 4 + (8 - 16)?
3
What is the value of 0 + (0 - (2 + 5 + -3))?
-4
Evaluate (-3 - 1) + 3 - 4.
-5
Calculate -98 + 118 - (12 + 0).
8
What is the value of -2 + -6 + 4 + (1 - 2)?
-5
What is (-5 - -1 - -2) + 6 - 8?
-4
What is (0 - 4) + 1 - -7?
4
Evaluate 1 + (4 + -4 - 4).
-3
0 + (3 - (7 - (6 - 0)))
2
What is the value of 0 - -6 - 5 - (3 + -1)?
-1
What is the value of -3 - (-5 + -6) - 4?
4
Evaluate (-12 - (-10 + 4)) + 6.
0
What is the value of 0 + -1 - (-5 + -8 + 10)?
2
What is 4 - (10 - (13 - 9))?
-2
Calculate -8 + (6 - 7) - (2 - 5).
-6
What is the value of (-2 - -1 - 0 - -2) + -3?
-2
Evaluate -15 + 33 - (10 + 2).
6
Calculate 3 - (4 + 0 + (-1 - 3)).
3
What is (3 - (-29 + 7)) + -14?
11
Calculate -6 - (6 + -10) - (2 + 0).
-4
Calculate 2 + 1 + (-5 - 0).
-2
Evaluate 16 + -28 + 5 + 9.
2
What is the value of (6 - 14) + 2 + 1?
-5
What is the value of -9 + 29 + -13 - -2?
9
What is the value of 3 - (7 - 9) - (-4 + 4)?
5
What is the value of -4 + 3 - (-1 - (-10 + 4))?
-6
What is the value of 8 - 5 - -2 - 4?
1
Calculate -31 - -30 - (-1 + -3).
3
Calculate -5 + -1 - -2 - (3 - 1).
-6
Calculate -2 + -4 + 9 - 2.
1
What is the value of 8 + 3 + (-12 + 3 - -3)?
5
Calculate 10 + -6 + -6 - (1 + -6).
3
What is the value of -17 + 2 + 6 + 15?
6
What is the value of 1 + (1 - 0 - (12 - 6))?
-4
What is the value of -3 + -8 + -8 + 13 + 2?
-4
What is the value of (-1 - 0) + 3 - -3?
5
7 + -2 - 7 - (0 - -3)
-5
Calculate (-9 + 4 - 3) + 14.
6
What is the value of (-7 - (-5 - (-4 + 1))) + -1?
-6
What is the value of 7 + -8 - (-4 - -3)?
0
Calculate -3 + -7 - (-10 + 6).
-6
What is the value of -16 + 3 + 8 + (3 - 0)?
-2
What is (-5 - (2 + -1)) + 5 + -2?
-3
0 + 5 + -3 + 0 + 3
5
3 - (-5 - -10) - -7
5
What is 3 + 5 + -4 - 2?
2
4 + 1 + (3 - 2 - 4)
2
Evaluate 9 +